{"id":118,"date":"2018-11-22T16:08:26","date_gmt":"2018-11-22T16:08:26","guid":{"rendered":"http:\/\/sozialrecht-mainspessart.de\/?page_id=118"},"modified":"2018-11-22T16:21:17","modified_gmt":"2018-11-22T16:21:17","slug":"medizinrecht-2","status":"publish","type":"page","link":"https:\/\/sozialrecht-mainspessart.de\/?page_id=118","title":{"rendered":"Medizinrecht"},"content":{"rendered":"<ul>\n<li>Arzthaftung<\/li>\n<li>Medizinstrafrecht<\/li>\n<li>Honorarstreitigkeiten<\/li>\n<\/ul>\n<p>Im Medizinrecht sind wir der richtige Ansprechpartner bei allen F\u00e4llen rund um das Thema Arzthaftung. Zu Behandlungs- oder Aufkl\u00e4rungsfehlern durch ihren Arzt oder ihre Klinik, Geburtssch\u00e4den, Pflege- oder Therapiefehlern k\u00f6nnen wir Sie umfassend rechtlich beraten. Wir informieren Sie auch \u00fcber ihre Rechte zu den Themenbereichen Krankenhaushygiene und Honorarstreitigkeiten.<\/p>\n","protected":false},"excerpt":{"rendered":"<p>Arzthaftung Medizinstrafrecht Honorarstreitigkeiten Im Medizinrecht sind wir der richtige Ansprechpartner bei allen F\u00e4llen rund um das Thema Arzthaftung. Zu Behandlungs- oder Aufkl\u00e4rungsfehlern durch ihren Arzt oder ihre Klinik, Geburtssch\u00e4den, Pflege- oder Therapiefehlern k\u00f6nnen wir Sie umfassend rechtlich beraten. Wir informieren Sie auch \u00fcber ihre Rechte zu den Themenbereichen Krankenhaushygiene und Honorarstreitigkeiten.<\/p>\n","protected":false},"author":1,"featured_media":0,"parent":0,"menu_order":0,"comment_status":"closed","ping_status":"closed","template":"","meta":[],"_links":{"self":[{"href":"https:\/\/sozialrecht-mainspessart.de\/index.php?rest_route=\/wp\/v2\/pages\/118"}],"collection":[{"href":"https:\/\/sozialrecht-mainspessart.de\/index.php?rest_route=\/wp\/v2\/pages"}],"about":[{"href":"https:\/\/sozialrecht-mainspessart.de\/index.php?rest_route=\/wp\/v2\/types\/page"}],"author":[{"embeddable":true,"href":"https:\/\/sozialrecht-mainspessart.de\/index.php?rest_route=\/wp\/v2\/users\/1"}],"replies":[{"embeddable":true,"href":"https:\/\/sozialrecht-mainspessart.de\/index.php?rest_route=%2Fwp%2Fv2%2Fcomments&post=118"}],"version-history":[{"count":3,"href":"https:\/\/sozialrecht-mainspessart.de\/index.php?rest_route=\/wp\/v2\/pages\/118\/revisions"}],"predecessor-version":[{"id":125,"href":"https:\/\/sozialrecht-mainspessart.de\/index.php?rest_route=\/wp\/v2\/pages\/118\/revisions\/125"}],"wp:attachment":[{"href":"https:\/\/sozialrecht-mainspessart.de\/index.php?rest_route=%2Fwp%2Fv2%2Fmedia&parent=118"}],"curies":[{"name":"wp","href":"https:\/\/api.w.org\/{rel}","templated":true}]}}