{"id":18,"date":"2018-11-16T15:11:32","date_gmt":"2018-11-16T15:11:32","guid":{"rendered":"http:\/\/sozialrecht-mainspessart.de\/?page_id=18"},"modified":"2018-12-14T15:56:31","modified_gmt":"2018-12-14T15:56:31","slug":"persoenliches","status":"publish","type":"page","link":"https:\/\/sozialrecht-mainspessart.de\/?page_id=18","title":{"rendered":"Pers\u00f6nliches"},"content":{"rendered":"<p><span style=\"font-family: Arial, Helvetica, sans-serif;\"><img decoding=\"async\" loading=\"lazy\" class=\"alignnone size-medium wp-image-33\" src=\"http:\/\/sozialrecht-mainspessart.de\/wp-content\/uploads\/2018\/11\/IMG_0269-225x300.jpeg\" alt=\"\" width=\"225\" height=\"300\" srcset=\"https:\/\/sozialrecht-mainspessart.de\/wp-content\/uploads\/2018\/11\/IMG_0269-225x300.jpeg 225w, https:\/\/sozialrecht-mainspessart.de\/wp-content\/uploads\/2018\/11\/IMG_0269-768x1024.jpeg 768w\" sizes=\"(max-width: 225px) 100vw, 225px\" \/><\/span><\/p>\n<p>Seit \u00fcber zwei Jahrzehnten bin ich selbst\u00e4ndiger Rechtsanwalt in Marktheidenfeld.<\/p>\n<p>In Tausenden von F\u00e4llen habe ich mich f\u00fcr die Interessen meiner Mandanten eingesetzt.<\/p>\n<p>Zu meinen Schwerpunkten geh\u00f6ren Arbeits-, Sozial-, Medizin-, Verkehrs- und Versicherungsrecht.<\/p>\n<p>Seit 2002 bin ich Fachanwalt f\u00fcr Sozialrecht.<\/p>\n","protected":false},"excerpt":{"rendered":"<p>Seit \u00fcber zwei Jahrzehnten bin ich selbst\u00e4ndiger Rechtsanwalt in Marktheidenfeld. In Tausenden von F\u00e4llen habe ich mich f\u00fcr die Interessen meiner Mandanten eingesetzt. Zu meinen Schwerpunkten geh\u00f6ren Arbeits-, Sozial-, Medizin-, Verkehrs- und Versicherungsrecht. Seit 2002 bin ich Fachanwalt f\u00fcr Sozialrecht.<\/p>\n","protected":false},"author":1,"featured_media":0,"parent":0,"menu_order":0,"comment_status":"closed","ping_status":"closed","template":"","meta":[],"_links":{"self":[{"href":"https:\/\/sozialrecht-mainspessart.de\/index.php?rest_route=\/wp\/v2\/pages\/18"}],"collection":[{"href":"https:\/\/sozialrecht-mainspessart.de\/index.php?rest_route=\/wp\/v2\/pages"}],"about":[{"href":"https:\/\/sozialrecht-mainspessart.de\/index.php?rest_route=\/wp\/v2\/types\/page"}],"author":[{"embeddable":true,"href":"https:\/\/sozialrecht-mainspessart.de\/index.php?rest_route=\/wp\/v2\/users\/1"}],"replies":[{"embeddable":true,"href":"https:\/\/sozialrecht-mainspessart.de\/index.php?rest_route=%2Fwp%2Fv2%2Fcomments&post=18"}],"version-history":[{"count":8,"href":"https:\/\/sozialrecht-mainspessart.de\/index.php?rest_route=\/wp\/v2\/pages\/18\/revisions"}],"predecessor-version":[{"id":189,"href":"https:\/\/sozialrecht-mainspessart.de\/index.php?rest_route=\/wp\/v2\/pages\/18\/revisions\/189"}],"wp:attachment":[{"href":"https:\/\/sozialrecht-mainspessart.de\/index.php?rest_route=%2Fwp%2Fv2%2Fmedia&parent=18"}],"curies":[{"name":"wp","href":"https:\/\/api.w.org\/{rel}","templated":true}]}}