{"id":75,"date":"2018-11-16T15:52:22","date_gmt":"2018-11-16T15:52:22","guid":{"rendered":"http:\/\/sozialrecht-mainspessart.de\/?page_id=75"},"modified":"2018-11-23T15:33:26","modified_gmt":"2018-11-23T15:33:26","slug":"impressum-2","status":"publish","type":"page","link":"https:\/\/sozialrecht-mainspessart.de\/?page_id=75","title":{"rendered":"Impressum"},"content":{"rendered":"<div class=\"n module-type-text diyfeLiveArea \">\n<p>Rechtsanwaltskanzlei<\/p>\n<p>Claus Hebeler<\/p>\n<p>Petzoltstrasse 8<\/p>\n<p>97828 Marktheidenfeld<\/p>\n<p>&nbsp;<\/p>\n<p>Telefon: 09391 \/ 91 70 91<\/p>\n<p>Telefax: 09391 \/ 91 70 92<\/p>\n<p>E-Mail: info@kanzlei-hebeler.de<\/p>\n<p>&nbsp;<\/p>\n<ul>\n<li>Anbieter: Claus Hebeler<\/li>\n<li>Zust\u00e4ndige Aufsichtsbeh\u00f6rde: Rechtsanwaltskammer Bamberg, Friedrichstr. 7, 96047 Bamberg<\/li>\n<li>Berufsbezeichnung: Rechtsanwalt (verliehen in der Bundesrepublik Deutschland)<\/li>\n<\/ul>\n<p>Berufsrechtliche Regelungen:<\/p>\n<ul>\n<li>Bundesrechtsanwaltsordnung (BRAO)<\/li>\n<li>Berufsordnung f\u00fcr Rechtsanw\u00e4lte (BORA)<\/li>\n<li>Fachanwaltsordnung (FAO)<\/li>\n<li>Rechtsanwaltsverg\u00fctungsgesetz (RVG)<\/li>\n<li>Berufsregelungen der Rechtsanw\u00e4lte der Europ\u00e4ischen Union<\/li>\n<\/ul>\n<p>Die Regelungen k\u00f6nnen bei der Bundesrechtsanwaltskammer eingesehen werden.<\/p>\n<p>Inhaltlich Verantwortlicher gem\u00e4\u00df \u00a7 55 Abs. 2 RStV:\u00a0 Claus Hebeler (Anschrift wie oben)<\/p>\n<\/div>\n","protected":false},"excerpt":{"rendered":"<p>Rechtsanwaltskanzlei Claus Hebeler Petzoltstrasse 8 97828 Marktheidenfeld &nbsp; Telefon: 09391 \/ 91 70 91 Telefax: 09391 \/ 91 70 92 E-Mail: info@kanzlei-hebeler.de &nbsp; Anbieter: Claus Hebeler Zust\u00e4ndige Aufsichtsbeh\u00f6rde: Rechtsanwaltskammer Bamberg, Friedrichstr. 7, 96047 Bamberg Berufsbezeichnung: Rechtsanwalt (verliehen in der Bundesrepublik Deutschland) Berufsrechtliche Regelungen: Bundesrechtsanwaltsordnung (BRAO) Berufsordnung f\u00fcr Rechtsanw\u00e4lte (BORA) Fachanwaltsordnung (FAO) Rechtsanwaltsverg\u00fctungsgesetz (RVG) Berufsregelungen der &hellip; <\/p>\n<p class=\"link-more\"><a href=\"https:\/\/sozialrecht-mainspessart.de\/?page_id=75\" class=\"more-link\"><span class=\"screen-reader-text\">&#8222;Impressum&#8220;<\/span> weiterlesen<\/a><\/p>\n","protected":false},"author":1,"featured_media":0,"parent":0,"menu_order":0,"comment_status":"closed","ping_status":"closed","template":"","meta":[],"_links":{"self":[{"href":"https:\/\/sozialrecht-mainspessart.de\/index.php?rest_route=\/wp\/v2\/pages\/75"}],"collection":[{"href":"https:\/\/sozialrecht-mainspessart.de\/index.php?rest_route=\/wp\/v2\/pages"}],"about":[{"href":"https:\/\/sozialrecht-mainspessart.de\/index.php?rest_route=\/wp\/v2\/types\/page"}],"author":[{"embeddable":true,"href":"https:\/\/sozialrecht-mainspessart.de\/index.php?rest_route=\/wp\/v2\/users\/1"}],"replies":[{"embeddable":true,"href":"https:\/\/sozialrecht-mainspessart.de\/index.php?rest_route=%2Fwp%2Fv2%2Fcomments&post=75"}],"version-history":[{"count":6,"href":"https:\/\/sozialrecht-mainspessart.de\/index.php?rest_route=\/wp\/v2\/pages\/75\/revisions"}],"predecessor-version":[{"id":146,"href":"https:\/\/sozialrecht-mainspessart.de\/index.php?rest_route=\/wp\/v2\/pages\/75\/revisions\/146"}],"wp:attachment":[{"href":"https:\/\/sozialrecht-mainspessart.de\/index.php?rest_route=%2Fwp%2Fv2%2Fmedia&parent=75"}],"curies":[{"name":"wp","href":"https:\/\/api.w.org\/{rel}","templated":true}]}}